- 2).
7
Suppose 1 = x - 1. List the prime factors of x.
2
Let c(k) = 3*k**2 - 11*k - 3. What are the prime factors of c(-9)?
3, 113
Let i be (1 - 1)/(-2) + 3. Suppose l - 123 = 3*r, i*r + l + 3*l = -123. Let k = -21 - r. List the prime factors of k.
2, 5
Let l(n) = -3*n**3 + n**2 - 2*n - 2. Let r = 7 + -8. What are the prime factors of l(r)?
2
Let y(u) = 9*u**2 - 10*u + 12. Let x be y(8). What are the prime factors of 22/(-99) - x/(-18)?
2, 7
Let x(t) = -10*t - 2. Let k(u) = -u - 4. Let p be k(-2). What are the prime factors of x(p)?
2, 3
Let a(i) = -i**3 - 4*i**2 - i - 3. List the prime factors of a(-5).
3
Let d(v) = -v - 5. Let j be d(-11). What are the prime factors of (-2)/j - (-22)/3?
7
Suppose 2*q = 4*q - 4. Suppose 83 - 9 = 3*g - q*x, -2*g - 5*x = -24. What are the prime factors of g?
2, 11
Suppose 0*d - 3*d = -9. Suppose d*v - 4*r - 103 = -0*r, 4*v - 140 = 4*r. What are the prime factors of v?
37
Suppose -32 = -3*a + h, 0*h - h = 2. Suppose -4 = -2*d + o, -5*d - 3*o = -22 - a. Suppose -6 - 18 = -d*w. What are the prime factors of w?
2, 3
Let p be 1*2/(-1 + 0). Let c be (1/p)/(1/(-8)). List the prime factors of 6/c*4/3.
2
Let c = 44 - -12. List the prime factors of c.
2, 7
Let i(m) = -2*m**2 - m + 11. Let q(c) = 5*c**2 + 2*c - 23. Let f(s) = 7*i(s) + 3*q(s). Let k be (-2 - -2)/(-1 + 0). What are the prime factors of f(k)?
2
Let s be (-3)/(-12)*4 - -2. Suppose -2*l - 80 = -4*m, s*m - 5*m - 4*l + 50 = 0. What are the prime factors of m?
3, 7
Suppose 2*k = k + 69. List the prime factors of k.
3, 23
Suppose 10*q - 130 = 5*q. What are the prime factors of q?
2, 13
Let n = 7 + -25. Let g be (-4)/n + 264/27. Suppose a = -3 + g. What are the prime factors of a?
7
Let a = 53 + -38. Let f = a - -10. What are the prime factors of f?
5
Suppose -4*l = -0*c - c + 5, -4*l - 4*c = 0. List the prime factors of 0 - (2*l - 5).
7
List the prime factors of (-10)/75*-537 - (-4)/10.
2, 3
Let l be -2 - 0 - 1*-8. Suppose -c + 4 = 4*u, u + l = 2*c + 16. List the prime factors of (c/(-6))/(2/18).
2, 3
Let a be ((-8)/2)/((-8)/84). Let g = a + -28. List the prime factors of g.
2, 7
Suppose 10 = 2*t - 0*t. Suppose 7 = t*v - 8. Suppose 2*i - 5*i - v = -2*h, -2*i = -h - 1. What are the prime factors of h?
3
Let p(b) be the first derivative of -b**3/3 + 3*b**2/2 + 5*b - 2. Let f be p(4). List the prime factors of f - (4 + 2)/(-3).
3
Let f(q) = 4*q**2 + q - 6. List the prime factors of f(-5).
89
Let w(r) = 2*r**2 + 3*r. Let t be w(-3). Let u = 3 + t. What are the prime factors of u?
2, 3
Let j be (-5 + -3)*7/2. Let w = j + 40. Suppose -w = -6*x + 2*x. What are the prime factors of x?
3
List the prime factors of (-2652)/(-13) + (-3)/1 + 2.
7, 29
Let y be (-1)/(-1 + 2/3). Suppose -y*c - 35 = -4*c. What are the prime factors of c?
5, 7
Let l(m) = m**3 - 15*m**2 - 2*m + 33. List the prime factors of l(15).
3
Let o be -2 - (0 + 0 - 2). Suppose 30 = 3*k - o*k. List the prime factors of k.
2, 5
Let l be (0 + (-521)/(-2))*2. Suppose 4*r + 1761 = l. List the prime factors of r/(-25) + (-2)/5.
2, 3
Let l be (-6 - 0)*1/(-2). Suppose 5*q - 29 = -4*x + 31, l*q - 36 = -x. What are the prime factors of q?
2, 3
Suppose b = -0*b - 52. Let x = 88 + b. What are the prime factors of x?
2, 3
Let x = 24 + -14. Suppose 2*t = 42 + x. What are the prime factors of t?
2, 13
Let o = 18 + 0. Let n be (-4)/18 - (-310)/o. Suppose -n - 23 = -5*i. List the prime factors of i.
2
Suppose 1194 = 3*t - 2*a + 222, -3*t = -3*a - 969. What are the prime factors of t?
2, 163
Suppose 5*r - 16 = r. Suppose -83 = -r*b + 17. What are the prime factors of b?
5
Let u(j) = j**2 - 2*j - 4. What are the prime factors of u(4)?
2
Let l(b) = -9*b. Let t be l(-2). Suppose -2*q - 6 = -t. List the prime factors of q.
2, 3
List the prime factors of (-7124)/(-65) + 4/10.
2, 5, 11
Let x = 15 - 12. List the prime factors of (45 - 3)/(x/2).
2, 7
Suppose 0 = -2*c - 0*c - 2. Let w(k) = -k**2 + 1 - 6*k**3 + k**3 - 2*k**3. What are the prime factors of w(c)?
7
Let a(z) be the first derivative of z**3/3 + 5*z**2/2 + 6*z + 1. List the prime factors of a(-6).
2, 3
Let x = 1 - -32. List the prime factors of x/(-2)*(-8 - -6).
3, 11
Suppose 5*f = 3*y - 35, 5*y - f - 33 = f. Suppose -10 = -9*g + 14*g. Let s = y + g. What are the prime factors of s?
3
Let d be 2*(1 - 0 - -2). Let n(w) = w**3 - 4*w**2 - 3*w - 8. What are the prime factors of n(d)?
2, 23
Let u be 6*(2 - 16/6). Let w = u + 33. What are the prime factors of w?
29
Let t(j) = j**2 + 5*j. Suppose g = -4, n + 5*g = -24 - 1. Let z be t(n). Suppose z = -3*f + b + 21, -2*b + b - 28 = -4*f. List the prime factors of f.
7
Let w be (2/6)/(3/99). Suppose -3*d + w + 7 = 0. What are the prime factors of d?
2, 3
Suppose 4*k - 279 = -15. Suppose -k = -4*y + 126. What are the prime factors of y?
2, 3
Let c(d) = d**2 - 5*d - 9. Let b be c(7). Suppose -5*p = -3*z - 7, 0 = -b*p + 14 + 11. Suppose h + 0 = z. List the prime factors of h.
2, 3
Let u = -168 - -192. What are the prime factors of u?
2, 3
Let t(k) be the third derivative of -k**5/60 + 4*k**3/3 - 4*k**2. List the prime factors of t(0).
2
Suppose -4*z + 25 = z. Suppose -16 - 54 = -z*p. What are the prime factors of p?
2, 7
Suppose -6*v + 1227 - 57 = 0. List the prime factors of v.
3, 5, 13
Let a(z) = -z**3 - 3*z**2 + 2*z + 3. List the prime factors of a(-4).
11
Let y = -15 - -71. What are the prime factors of y?
2, 7
Suppose -t + 12 = 2*t, 2*t = 2*i + 4. Let c be (1 - 3)*1 + 6. Suppose -i*b + 4*a = -c, 0*a = -a + 3. What are the prime factors of b?
2
Suppose -5*x = -x - 108. List the prime factors of x.
3
Let l = 106 + -64. What are the prime factors of l?
2, 3, 7
What are the prime factors of (190/57)/(4/90)?
3, 5
Let c = 24 - 16. What are the prime factors of c?
2
Let c(v) = 4*v. Let n = 0 + 3. Suppose -z - 1 = -n. List the prime factors of c(z).
2
Let n(v) = -v**3 - 4*v**2 + v + 1. Let r be n(-4). List the prime factors of r/(2 - 129/60).
2, 5
Let x be -3 + 3 + (-12)/(-3). Suppose 248 = x*n + 60. What are the prime factors of n?
47
Let d be 12 - (-1 + 0/(-2)). Let o(w) = w**3 - 14*w**2 + 15*w - 3. What are the prime factors of o(d)?
23
Suppose -8*r + 4*r + 104 = -2*o, 5*o - 90 = -4*r. List the prime factors of r.
5
Suppose 3*x - 7 = -1. What are the prime factors of x?
2
Let d(p) = -p**3 - 4*p**2 + 4*p - 2. Let g be d(-5). Let h be (-3)/g + 2 - -2. Suppose v + h*v - 28 = 0. List the prime factors of v.
7
Suppose -19 - 36 = -2*w + 3*c, -2*w = -4*c - 54. What are the prime factors of w?
29
Suppose 4*w = 3*a - 32, 2*a - 9 = -1. Let l = w - -25. What are the prime factors of l?
2, 5
What are the prime factors of ((-1)/(-4) - 1/4) + 10?
2, 5
Let q(h) = 4*h - 1. Let y be q(2). Let b = -4 + -1. Let n = y + b. What are the prime factors of n?
2
Let k be 10/((0 - -1) + -3). Let m = k + 15. What are the prime factors of m?
2, 5
Let q = 78 + 177. List the prime factors of q.
3, 5, 17
Let m be (-6)/4*(-4)/6. Suppose y + 2 = m, -2*y = 2*q - 8. What are the prime factors of q?
5
Suppose -218 = -5*o + 107. List the prime factors of o.
5, 13
Let p(s) = s + 3. Let x be p(-9). What are the prime factors of (36/(-10))/(x/20)?
2, 3
Let z = -19 - -25. Suppose -2*h - 144 = -z*h. List the prime factors of h.
2, 3
Suppose j - 8 = -5*t, 4*j - j = -3*t + 12. Suppose -t + 5 = 2*c. List the prime factors of c.
2
Suppose -3*v + 46 = 2*n, -4*n + 86 = 5*v - 3*n. List the prime factors of v.
2, 3
Let n be ((-6)/3 - 3) + -1. Let b = -8 - n. Let m = b + 6. List the prime factors of m.
2
Let k(h) be the first derivative of h**3/3 - 2*h**2 - 7*h - 1. Let m = 33 - 27. List the prime factors of k(m).
5
Let y(j) = -j**2 + 8*j + 2. Let x be (-16)/(-6)*15/(-10). Let d = 3 - x. List the prime factors of y(d).
3
Let u(z) = -z**3 - 4*z**2 - 4*z - 2. Let n be u(-3). Suppose n - 25 = -3*o. What are the prime factors of o?
2
Let q = 3 - 3. Suppose -4*n + 315 = 5*p, -84 = -n + 4*p - q*p. Suppose 4*d + 62 = 5*i + 22, 4*d = -5*i + n. List the prime factors of i.
2, 3
Let t(q) = q + 2. Let k(m) = m**2 - 3*m. Let a be 72/16*2/3. Let n be k(a). What are the prime factors of t(n)?
2
List the prime factors of -4 - (-4)/(4/37).
3, 11
Suppose -2*g = -60 - 72. What are the prime factors of g?
2, 3, 11
Let i(p) = -p - 4. Let d be i(0). Let a be 6/(-8) + (-3)/(-24)*22. List the prime facto